{"id":9,"date":"2022-10-04T15:16:24","date_gmt":"2022-10-04T15:16:24","guid":{"rendered":"https:\/\/www.adnrulman.com\/?page_id=9"},"modified":"2022-10-13T08:39:01","modified_gmt":"2022-10-13T08:39:01","slug":"about","status":"publish","type":"page","link":"https:\/\/www.adnrulman.com\/index.php\/about\/","title":{"rendered":"HAKKIMIZDA"},"content":{"rendered":"\n<p>13 y\u0131ll\u0131k tecr\u00fcbemiz ile hizmetinizdeyiz. Sekt\u00f6rde ihtiya\u00e7 duyulan ve yayg\u0131n olarak kullan\u0131lan bir \u00e7ok markan\u0131n sat\u0131\u015f\u0131n\u0131 yapmaktay\u0131z. Geni\u015f stok ve \u00fcr\u00fcn \u00e7e\u015fitlerimiz a\u015fa\u011f\u0131da belirtmi\u015f oldu\u011fumuz gibidir.<\/p>\n\n\n\n<p>Rulman \u00e7e\u015fitleri, Paslanmaz Rulman, Fener Mili Spindle Rulmanlar, \u0130nce Kesit Rulmanlar, Kam Rulmanlar\u0131, Yatakl\u0131 Rulmanlar, Beyaz Plastik yatak+ Paslanmaz Rulmanlar, \u0130\u011fneli Rulmanlar, Masural\u0131 Rulmanlar, Minyat\u00fcr Rulmanlar, Tek Y\u00f6nl\u00fc Rulmanlar, Lineer Rulman ve Miller, SN SNI Yataklar, Tane Misket Bilya, Masura Tane Bilya, Ke\u00e7e \u00e7e\u015fitleri, AR Konvey\u00f6r Bant, Zaman kay\u0131\u015flar\u0131 , V Kay\u0131\u015flar , Poly V kay\u0131\u015flar, \u00d6zel kaplama kay\u0131\u015flar, Delikli Poli\u00fcretan kay\u0131\u015flar, Konvey\u00f6r bantlar, Silindir sarg\u0131 bantlar\u0131, Polyester \u00d6rg\u00fc bantlar, Kasnak \u00e7e\u015fitleri, Bur\u00e7lu Kasnak, Bur\u00e7lu Triger Kasnak, Dolu Kasnak, Triger Kasnak, V Kasnak, Konik Bur\u00e7, Konik Kilitler, Mafsallar, Kaplinler ve U\u00e7 Yatak Rulmanlar, Ayakl\u0131 Kaplinler, Kaplin Lasti\u011fi, Y\u0131ld\u0131z Kaplinler, Zincir, Zincir Di\u015fli, Kremayer ve Pinyon Di\u015fliler, Mod\u00fcl Di\u015fli, Kama, Titre\u015fim Takozu, Lineer K\u0131zak Ray ve Araba, Vidal\u0131 Miller ve Somunlar, \u0130ndiksiyonlu Krom kapl\u0131 miller, Alt destekli miller, Makine Ayaklar\u0131, Paslanmaz Ayaklar, Paslanmaz Mafsallar, Mafsallar, Ta\u015f\u0131ma Araba Tekerleri, Masa\u00fcst\u00fc Transfer Bilyeleri, KH serisi, LME serisi, NATR serisi, SNH yataklar, PAP Bur\u00e7lar, Kendinden Ya\u011flamal\u0131 Bur\u00e7lar, Saf Teflon Salmastra , Mekanik Salmastra sat\u0131\u015f\u0131m\u0131z mevcut. 7\/24 m\u00fc\u015fteri deste\u011fi ile T\u00fcm T\u00fcrkiye\u2019ye kargomuz&nbsp;mevcut.<\/p>\n","protected":false},"excerpt":{"rendered":"<p>13 y\u0131ll\u0131k tecr\u00fcbemiz ile hizmetinizdeyiz. Sekt\u00f6rde ihtiya\u00e7 duyulan ve yayg\u0131n olarak kullan\u0131lan bir \u00e7ok markan\u0131n sat\u0131\u015f\u0131n\u0131 yapmaktay\u0131z. Geni\u015f stok ve \u00fcr\u00fcn \u00e7e\u015fitlerimiz a\u015fa\u011f\u0131da belirtmi\u015f oldu\u011fumuz gibidir. Rulman \u00e7e\u015fitleri, Paslanmaz Rulman, Fener Mili Spindle Rulmanlar, \u0130nce Kesit Rulmanlar, Kam Rulmanlar\u0131, Yatakl\u0131 Rulmanlar, Beyaz Plastik yatak+ Paslanmaz Rulmanlar, \u0130\u011fneli Rulmanlar, Masural\u0131 Rulmanlar, Minyat\u00fcr Rulmanlar, Tek Y\u00f6nl\u00fc Rulmanlar, &hellip; <\/p>\n<p class=\"link-more\"><a href=\"https:\/\/www.adnrulman.com\/index.php\/about\/\" class=\"more-link\">Continue reading<span class=\"screen-reader-text\"> &#8220;HAKKIMIZDA&#8221;<\/span><\/a><\/p>\n","protected":false},"author":1,"featured_media":36,"parent":0,"menu_order":0,"comment_status":"closed","ping_status":"closed","template":"","meta":{"footnotes":""},"class_list":["post-9","page","type-page","status-publish","has-post-thumbnail","hentry"],"_links":{"self":[{"href":"https:\/\/www.adnrulman.com\/index.php\/wp-json\/wp\/v2\/pages\/9","targetHints":{"allow":["GET"]}}],"collection":[{"href":"https:\/\/www.adnrulman.com\/index.php\/wp-json\/wp\/v2\/pages"}],"about":[{"href":"https:\/\/www.adnrulman.com\/index.php\/wp-json\/wp\/v2\/types\/page"}],"author":[{"embeddable":true,"href":"https:\/\/www.adnrulman.com\/index.php\/wp-json\/wp\/v2\/users\/1"}],"replies":[{"embeddable":true,"href":"https:\/\/www.adnrulman.com\/index.php\/wp-json\/wp\/v2\/comments?post=9"}],"version-history":[{"count":3,"href":"https:\/\/www.adnrulman.com\/index.php\/wp-json\/wp\/v2\/pages\/9\/revisions"}],"predecessor-version":[{"id":60,"href":"https:\/\/www.adnrulman.com\/index.php\/wp-json\/wp\/v2\/pages\/9\/revisions\/60"}],"wp:featuredmedia":[{"embeddable":true,"href":"https:\/\/www.adnrulman.com\/index.php\/wp-json\/wp\/v2\/media\/36"}],"wp:attachment":[{"href":"https:\/\/www.adnrulman.com\/index.php\/wp-json\/wp\/v2\/media?parent=9"}],"curies":[{"name":"wp","href":"https:\/\/api.w.org\/{rel}","templated":true}]}}